 1316. Is a composite?
True
Suppose -340799 = 69*p - 86*p. Is p prime?
True
Let c = -130 - -69. Suppose 0 = -5*j + 9*j - 380. Let s = j + c. Is s a composite number?
True
Suppose -10*v = -11*v + 6101. Is v a composite number?
False
Suppose -5*k = -15 - 10. Suppose -18 + 3 = k*r. Let v(q) = -32*q + 1. Is v(r) a composite number?
False
Let u = 8968 - 414. Suppose 2058 = 4*c - u. Is c composite?
True
Let s be (-728)/(-70) + (-4)/10. Suppose 0 = -g + s - 1. Suppose 282 = n + 2*r + 3*r, 3*r - g = 0. Is n a composite number?
True
Let f = 2302 - 283. Is f composite?
True
Suppose 0*o = 3*o - 5361. Suppose -o = -4*p + 1085. Let h = -507 + p. Is h a composite number?
False
Suppose 3*o = 79 + 182. Is o prime?
False
Let l(d) = -39 + 2*d + 41*d**2 + 5*d**2 + 44. Is l(-4) composite?
False
Suppose -n - n = -2670. Suppose 4*q = -q + n. Let y = 50 + q. Is y prime?
True
Let g(p) = 3*p**3 - 3*p**2 + 2. Let a be g(2). Let k be (5*1)/(a - 13). Suppose -k*b - j + 4737 = 480, -2*b - 3*j + 1708 = 0. Is b prime?
False
Let m(i) = -i**2 + 15*i - 11. Let b be m(11). Is ((-221)/(-39))/(1/b) a composite number?
True
Is (22580/(-30))/(2/(-9)) - -2 a composite number?
False
Suppose -2*k + 4*i - 12 = 7*i, 8 = 4*i. Let q(g) = -g**3 - 8*g**2 - 11*g + 5. Is q(k) a prime number?
False
Suppose s + 778 = 3*s - 4*l, -4*s + 1562 = -2*l. Is s composite?
True
Let k(y) = 1 + 164*y + 0 - 2. Is k(1) prime?
True
Let r(i) = 18*i**2 + 5*i + 3. Suppose 76 = -o + 5*o. Let l = o + -27. Is r(l) a composite number?
True
Suppose -29 = -a + 6. Suppose 0 = -3*o + 2*t + 17, 0*o + 5*o = 5*t + a. Suppose o*x - 7*x + 1028 = 0. Is x a composite number?
False
Let r be 758 + 3 + (0 - 8). Let a = r + -272. Is a a composite number?
True
Suppose 0 = -24*y - 64*y + 4977368. Is y a composite number?
True
Suppose -24*k - 360708 = -900180. Is k a prime number?
False
Is (1 - 2)/(78930/78935 + -1) a composite number?
False
Suppose 789 = z - 4*h, 8 = 2*h + 2*h. Is z a prime number?
True
Is (-597844)/(-156) - (-4)/6 a composite number?
False
Let u = 17 - 13. Suppose 0 = 2*x - 3*z - 68, 3*x + 68 = 5*x + u*z. Is x a prime number?
False
Suppose -4*n + 27 = 5*n. Suppose g + 2*f = -199 + 490, n*g + 4*f = 877. Is g a prime number?
False
Let v(o) = -o**2 - 7*o - 4. Let k be v(-6). Is 24/32*k*46 a prime number?
False
Suppose 0 = 17*u - 22*u + 2*c + 67013, -2*c = -3*u + 40207. Is u a composite number?
True
Suppose 15*i = 13*i - 74. Let r be 12/(-78) - i/(-13). Let g = 8 - r. Is g prime?
True
Let k be 14/(-49) + 338/7. Let r = -27 + k. Is (-6)/r - 466/(-14) prime?
False
Let f(w) = 62*w**3 + 9*w**2 - 17*w + 23. Is f(5) prime?
False
Let y(v) = -4*v**3 - 14*v**2 + 13. Is y(-11) a prime number?
True
Let t(w) = 270*w**2 + 3*w + 14. Is t(5) composite?
False
Let t(a) = a**2 - a + 1. Let d(l) = 2*l**2 - l - 5. Let k(x) = -d(x) + 5*t(x). Let n be k(-6). Let p = n - -259. Is p composite?
False
Let a(w) = -w**3 - 6*w**2 - 2*w - 12. Let p be a(-6). Suppose 3*k - 3303 = -p*k. Is k composite?
True
Let g(y) = y**2 + y - 9. Let d be g(-4). Suppose -2*j + d*j - 35 = 0. Let k = 124 - j. Is k a prime number?
True
Let x(l) = 167*l**3 - l - 7. Let t be x(3). Suppose -5*n = 3*d - 22444, -t = -n - 4*d - 0*d. Is n prime?
False
Let w(u) = -u + 4. Let t be w(4). Let n be t/(-4 - (2 - 7)). Suppose n = -6*r + 3835 + 1427. Is r prime?
True
Let a(d) be the third derivative of d**7/840 + d**6/360 - d**5/24 + 7*d**4/24 + d**2. Let z(j) be the second derivative of a(j). Is z(4) a prime number?
False
Is (9 - 2190 - -2)*-1 a prime number?
True
Let d(c) = 4*c**2 - c + 4. Suppose -93 + 33 = 4*x. Is d(x) prime?
True
Suppose 20*n - 17*n = -3*u + 8190, 3*u - 8192 = -5*n. Is u prime?
True
Suppose -5*n + 1 + 14 = 0. Suppose t - 787 + 191 = 0. Suppose n*p = -y - 0*y + 447, -t = -4*p + y. Is p composite?
False
Let k be 100/(-24) + (-3)/(-18). Is (0 - (-4)/k)*-473 composite?
True
Suppose 37*u = 35*u + 3760. Suppose 2*c - 14470 = -u. Is c a prime number?
False
Suppose 2*l - 1504 - 1298 = 0. Is l a composite number?
True
Let v = 14 - 12. Let c be 2/(v - 81/42). Let y = -9 + c. Is y a prime number?
True
Let k(a) = 49*a**2 - a. Let i be k(-1). Suppose 67 = 3*b - i. Suppose 5*g = 26 + b. Is g a composite number?
False
Suppose -3*g + 275 = 2*g. Let y = g - 114. Let u = y - -118. Is u a composite number?
False
Suppose -u + 3*u = 0. Suppose -5*i + 33 = -2*a, -4*i - 3*a + 26 + 5 = u. Suppose i*g - 4*g - 339 = 0. Is g prime?
True
Let n(v) = -11*v**2 - 5*v + 3. Let u be n(5). Let y = -164 - u. Is y*(0/4 - -1) a prime number?
False
Let m(w) = -4*w - 36. Let x be m(-9). Suppose x = 5*q - 52 + 17. Is q composite?
False
Suppose -11874 = -j - q, -2*j + 2*q = -15818 - 7934. Let o be (-2)/7 - j/(-35). Let r = o + -116. Is r composite?
False
Let a be (2036/6)/(4/12). Let w = a + -609. Is w a composite number?
False
Suppose -124552 = -47*t + 39*t. Is t prime?
True
Let n be (0/2)/((-7 - 1)/8). Suppose d - k = -d + 309, 5*d + 4*k - 805 = n. Is d composite?
False
Let g = 34 + -25. Let p(y) be the third derivative of -y**6/120 + y**5/6 + y**4/12 - 4*y**3/3 + 3*y**2. Is p(g) composite?
True
Suppose a = -19*s + 21*s + 1061, -a + 1082 = 5*s. Is a a composite number?
True
Suppose -31*h = -22*h - 59733. Is h a composite number?
False
Let z(l) = l**2 + 1. Let u be z(-1). Suppose -3*y - j = -7*y - 8, -u*y - 5*j = 26. Is (y/2)/(3/(-582)) composite?
True
Let c = 96 - 2033. Let h = c - -4116. Is h composite?
False
Let u(n) = 10*n + 1. Let a be u(1). Suppose -l = -5*l + 1808. Suppose a*h = 7*h + l. Is h a prime number?
True
Let s = -92 + 426. Suppose 3*y - s = -p, p - 4*p - y = -962. Is p prime?
False
Suppose -2*c - 12*c - 11942 = 0. Let g = 950 - c. Is g a prime number?
False
Is ((-7)/2 - 65/(-26)) + 7378 a prime number?
False
Suppose -4*k + 35 = -9*k. Let z = -11 - k. Is z/(-8)*0 + 15 a composite number?
True
Let b = 3710 + -691. Is b a prime number?
True
Let n(w) = -5*w**2 + w. Let b be n(5). Let l = 589 - b. Is l a prime number?
True
Suppose 0 = -23*u + 244612 + 27961. Is u a prime number?
False
Let v = -41 - -43. Suppose 0 = 3*c - 6*c + v*l + 425, 310 = 2*c + 4*l. Is c prime?
False
Let x be -4 - 0/1 - 3. Let o = -4 - x. Suppose -o*i + 752 = 269. Is i prime?
False
Let n = -463 - -1630. Is n a prime number?
False
Let f = -19 - -17. Is (-290)/(-15) - f/(-6) composite?
False
Let d = -2327 + 3726. Is d a composite number?
False
Let m(o) = 51*o**3 + o**2 - o + 13. Let k(c) = -52*c**3 - c**2 - 14. Let d(u) = 4*k(u) + 5*m(u). Is d(2) composite?
False
Let c(b) = 188*b**2 + 19*b - 17. Is c(-8) a prime number?
True
Let z(o) = -o**3 + o - 4. Let j be z(0). Let f(r) = -2 + 5 - 9*r + r. Is f(j) a composite number?
True
Suppose 0 = -2*z + 5*z - 4*t - 38619, -25766 = -2*z - 4*t. Is z prime?
False
Suppose -3*x + 16327 = -4*r, 4*x + 9*r = 14*r + 21768. Is x prime?
True
Suppose 2*f = 4*f - 14. Let j(p) = 25*p**2 - 10*p - 4. Is j(f) a prime number?
True
Let f be 1/3 - 23208/72. Is (f - -2 - 1)/(-1) prime?
False
Let z = 73 + -82. Let r(i) = -i**3 + 7*i**2 + 14*i + 19. Is r(z) a composite number?
True
Suppose 3*v - 8*f + 11*f = 5196, -6933 = -4*v - 5*f. Is v a prime number?
False
Suppose 3*s + 11 - 2 = 0. Let n be -2*(5/2 + -2). Is (s - n)/((-2)/233) prime?
True
Let x be (-8)/(-24) - ((-5684)/(-6) + 2). Let p = x + 1736. Is p composite?
False
Let i = -13 + 20. Suppose -8 = -11*n + i*n. Suppose -n*p + 12 = -5*p, 4*a - p = 7584. Is a a composite number?
True
Let w(z) = -z + 1. Let o be w(-8). Let d = 37 - o. Suppose -s + 5*s - d = 0. Is s prime?
True
Let o = -1662 - -3601. Is o a composite number?
True
Let u = 937 - 522. Let o = u + -144. Is o prime?
True
Let b be 3*9/((-54)/(-2504)). Suppose -5*y + b = t + 2*t, 2*t = -3*y + 751. Is y a composite number?
False
Suppose -4*h = -h - 6684. Suppose -5*g + 1114 = -j + 3*j, -4*j + g = -h. Is j prime?
True
Suppose 313 = 3*y - 4*y. Let b = -133 + y. Let k = b - -1087. Is k a composite number?
False
Let j be (2/(-4))/((-12)/72). Let a be j - (4/1)/4. Suppose -5*c = f - 58, 4*c - 3 = -a*f + 113. Is f prime?
False
Let s = 35 + -33. Suppose 5*d + 2*g - 2430 = 3*g, 949 = s*d - 5*g. Is d a prime number?
True
Let o(t) = -t**2 + 7*t - 2. Let c be o(5). Is c/(-2 - -4) + 11 a composite number?
True
Suppose a = 482 + 376. Suppose -a - 4057 = -5*i. Is i a prime number?
True
Let v = 413 + -